883. Calculate the greatest common divisor of i and 29.
29
Let x(g) = 12*g**2 + 0*g**2 - 5 - 27*g + 8. Let y be x(6). What is the highest common divisor of y and 52?
13
Suppose -31 = 4*q - 3*l - 117, -5*q + 3*l + 109 = 0. Calculate the highest common divisor of 1127 and q.
23
Let s(a) be the second derivative of a**4/12 - a**3/6 - 19*a**2 - 68*a. Let t be s(-8). What is the highest common factor of 306 and t?
34
Let o(v) be the second derivative of -7*v**3/3 + 81*v**2/2 - 33*v - 3. Let z be o(2). What is the highest common divisor of z and 689?
53
Let g(k) = -k**3 + 4*k**2 - 12*k + 24. Let o be g(3). Let l be (-3)/((-1378)/(-1872) + o/4). Calculate the greatest common divisor of 27 and l.
27
Let w be (3 + 12)/5 - (0 + 1). Suppose 4*z - w*a - 176 = 2, -17 = -z - 5*a. Calculate the highest common factor of z and 420.
42
Suppose 0 = -18*s + 927 + 681 - 204. What is the highest common factor of 5226 and s?
78
Let n = 9869 + -9840. Suppose -2*k = -3*l + 5*l + 2, 4*l + 12 = 4*k. Calculate the highest common factor of n and k.
1
Let i be 1/(-14 - (-228)/16). Let u = 15 - 11. Suppose -2*j + 42 = u*q, 154 - 50 = i*j + 4*q. Calculate the highest common factor of 217 and j.
31
Let r be (-6 + (-374)/(-77))/(4/(-854)). Calculate the greatest common factor of 61 and r.
61
Let j(a) be the second derivative of -4*a**3/3 + 4*a**2 - a. Let t be j(-6). Suppose -25 = 241*p - 319 - 1393. Calculate the greatest common factor of t and p.
7
Let s be 12 - (-2 + 2) - 0. Suppose 14*h = s*h + 448. Let o = -2563 - -2579. Calculate the greatest common divisor of h and o.
16
Suppose -247 = -9*y - 85. Suppose 0*r = 5*m + 3*r - 31, 5*r = -15. Suppose -m*q + 4*q = -216. What is the greatest common factor of q and y?
18
Let i be 13 - (-11 - 3) - 14/(2 - 4). What is the greatest common factor of i and 27?
1
Suppose -70 = 5*q - 19*q. Suppose 0 = 3*u - 2*u - q*v - 185, 4*v - 230 = -u. What is the highest common divisor of u and 84?
42
Suppose 4*n + 32 = 3*u + 5, -3*u - 2*n = -9. Suppose -u*y - 9*w + 12*w + 120 = 0, -2*w = 0. What is the greatest common factor of y and 120?
24
Let g(m) be the second derivative of m**4/12 - m**3/3 - 10*m**2 + 252*m. Let d be g(7). Calculate the highest common factor of d and 3.
3
Let n be -90*(-2 + -3 + 3). Let b(r) = -2*r + 75. Let z be b(15). What is the greatest common factor of z and n?
45
Let l = -313 - -304. Let r(y) = y**3 + 10*y**2 + 9*y + 9. Let g be r(l). Calculate the highest common factor of 90 and g.
9
Suppose 0 = -g + 5*n + 1479, 12*g + 5*n - 14877 = 3196. What is the greatest common factor of g and 224?
32
Let a(q) be the third derivative of q**2 + 0 + 0*q + 1/60*q**5 - q**3 - 3/8*q**4. Let n be a(14). Calculate the highest common factor of 8 and n.
8
Let w(v) = -49*v + 2175. Let k be w(23). Calculate the highest common divisor of k and 1179.
131
Let d be -4*(-17)/12*3. Suppose -y - d + 21 = 0. Calculate the greatest common factor of 108 and y.
4
Suppose 4*h + 4*g = 20, -3*h + 15 = -g + 6*g. Suppose -6*q + q = -5*b + 50, -3*b - h*q + 6 = 0. Calculate the highest common divisor of b and 49.
7
Let d(i) = 8*i**2 - 223*i - 11. Let p be d(28). What is the highest common divisor of 3400 and p?
17
Let d(b) = 6*b**2 + 3*b + 9. Let q be d(-2). Suppose -1209 = -5*u - 264. Calculate the highest common divisor of u and q.
27
Let o be 22*12/(-8) + 20/(-5). Let q = o - -59. What is the greatest common factor of 682 and q?
22
Let q(z) = -z**3 + 16*z**2 - 65*z + 15. Let t be q(8). Let l = -13 - -10. Let y = -2 - l. What is the greatest common factor of y and t?
1
Suppose 7*z - 11 = 3. Suppose 5*i + 73 - 18 = 3*d, 0 = -z*d. Let f(j) = -j + 4. Let a be f(i). Calculate the greatest common divisor of 135 and a.
15
Suppose -118*c - 914 + 21092 = 0. Suppose -2 = -4*l + 3*l. Suppose 4*k - 5*s - 72 = -s, 2 = l*s. Calculate the greatest common divisor of c and k.
19
Let q(t) = -t**3 - 9*t**2 - 11*t - 6. Let r be q(-8). Let f = r + 5. Suppose -5*w + 28 = -4*b, -w - 4*b = b - f. What is the highest common divisor of 1 and w?
1
Let s be (1*(-8)/(-5))/(18/(-45)). Let z be -1 - -20 - s/(-2). What is the greatest common factor of z and 51?
17
Let b be 67626/1768 - 3*(-15)/(-36). Let m(c) = 555*c**2. Let f be m(1). What is the highest common divisor of f and b?
37
Let a = 57 + -35. Suppose -211 - 185 = -a*f. What is the greatest common factor of f and 99?
9
Let n(o) = -2*o**2 + 180*o + 1190. Let g be n(87). Calculate the highest common factor of g and 107.
107
Let c be 3 + -9 + -2 + 4. Let h be c*2*(-45)/10. Calculate the greatest common divisor of h and 90.
18
Suppose -3*z + 310 = -248. Suppose -5*s = -3*s - z. Suppose 0*p + 3*p + 12 = 0, -266*g + 270*g - 268 = 4*p + p. Calculate the greatest common factor of s and g.
31
Let k be -52 + 48 - (-2 - 1681). What is the greatest common divisor of k and 146?
73
Let r be 1 + 199/(-4) + 6/8. Let j = r + 82. Suppose 2*g - 5*y = -3*y + 22, -4*g - y + j = 0. Calculate the highest common factor of g and 6.
3
Let x = 16330 + -6631. Calculate the highest common factor of 159 and x.
159
Let s be (-301)/(-3) + ((-380)/294 - 138/3381). What is the greatest common divisor of 189 and s?
9
Suppose 25*q - 531 + 1719 = 91*q. What is the highest common divisor of 8136 and q?
18
Let l(u) = -u**3 - 4*u**2 + 100*u + 703. Let p be l(-7). What is the greatest common factor of p and 200?
50
Suppose -7*i + 4 = -31. Suppose g - 14 + 18 = 4*t, g = t + i. What is the highest common factor of g and 56?
8
Let g = -7341 - -7398. Calculate the highest common factor of g and 16188.
57
Let l(q) = q**3 + 7*q**2 - 3*q - 42. Let g be l(-6). Let c = 18 - 13. Let m be c/(-20) + 111/g. Calculate the highest common divisor of 18 and m.
9
Let h = -13397 - -13433. Calculate the greatest common factor of h and 3330.
18
Let x(u) be the third derivative of u**4/6 + 62*u**3/3 - 142*u**2 - 1. Let l be x(-11). Calculate the greatest common divisor of l and 140.
20
Suppose 0 = -2*j + 3*j - 80. Let k(m) = -m**2 + 77*m - 850. Let f be k(14). What is the highest common divisor of f and j?
16
Let v = -1149 - -542. Let o = 613 + v. Let x be ((-12)/5)/(2/(-15)). What is the greatest common factor of x and o?
6
Let t be 147/(-63)*(-307 + 4). What is the highest common divisor of 28 and t?
7
Let t(i) = i**3 + 13*i**2 + 3*i - 6. Let r be t(-12). Let x(g) = -g**3 - 4*g**2 - g + 2. Let n be x(-4). Calculate the greatest common factor of r and n.
6
Let s be -60*(336/30 - 12). What is the highest common divisor of s and 5424?
48
Suppose 7*g = 3*g + u + 222, -g + 65 = -5*u. Let j be 4*(4147/(-116) - -55). What is the highest common factor of g and j?
11
Let o = 93 - 81. Let c be 169 + (-7)/((-14)/o). What is the greatest common divisor of c and 35?
35
Suppose 15*s - 20*s = -5, -4 = -r + 4*s. Let b = 161 - -23. What is the greatest common divisor of r and b?
8
Suppose -29 = -7*t - 8. Suppose -2*n = -5*f + 23, -t*n = -3*f - 6*n - 3. Suppose 302 + 106 = f*x. Calculate the highest common divisor of x and 17.
17
Let r = 31 - 34. Let i be (-100)/(-1 + r) + -3. Let m be (12/(-7))/(i/(-77)). What is the highest common divisor of 66 and m?
6
Suppose 0 = -5*r + 5*j + 300, 4*j + j = -5*r + 300. Calculate the highest common divisor of r and 1290.
30
Let c = 150 + -47. Let h be -2 + 3 + 1 + c. Calculate the highest common factor of 140 and h.
35
Let j be ((-5)/1)/((-1)/10). Let v = 81 + -78. Suppose -4*s = 3*r - 19 - v, -5*s - 60 = -5*r. Calculate the greatest common factor of r and j.
10
Let z = 18905 - 9390. Calculate the highest common divisor of 55 and z.
55
Suppose 0*a - 54 = 2*a. Let t = -2883 - -2920. Let g = t + a. Calculate the greatest common divisor of 110 and g.
10
Let d = -216 + 212. Let w be d + 0 - (-587 - -39). What is the highest common factor of w and 34?
34
Suppose -a + 14 = -2*c, 67 - 11 = 4*a + c. Let t be a/4*(-30)/(-105). Calculate the greatest common factor of 9 and t.
1
Let v(i) = i**2 - 3*i - 17. Let z be v(7). Let u(j) = 9*j**3 + 3*j**2 + 2*j + 2. Let y be u(-2). Let a = 117 + y. What is the greatest common factor of a and z?
11
Suppose -188 = -23*l + 157. Suppose -l - 8 = -y. What is the highest common factor of 575 and y?
23
Let n(o) = o**3 + 5*o**2 - 24*o - 9. Let g be n(-7). Let b = 431 + -4. What is the greatest common factor of b and g?
61
Let m(g) = 74*g - 